{"id":1274,"date":"2018-03-19T01:31:53","date_gmt":"2018-03-19T01:31:53","guid":{"rendered":"http:\/\/test.cmsystem.com.ar\/?page_id=1274"},"modified":"2023-09-19T13:12:11","modified_gmt":"2023-09-19T13:12:11","slug":"maria-fatima-bogliolo","status":"publish","type":"page","link":"http:\/\/www.gytabogados.com.ar\/new\/maria-fatima-bogliolo\/","title":{"rendered":"Mar\u00eda F\u00e1tima Bogliolo"},"content":{"rendered":"\t\t<div data-elementor-type=\"wp-page\" data-elementor-id=\"1274\" class=\"elementor elementor-1274\">\n\t\t\t\t\t\t<section class=\"elementor-section elementor-top-section elementor-element elementor-element-6bf9c9d elementor-section-boxed elementor-section-height-default elementor-section-height-default\" data-id=\"6bf9c9d\" data-element_type=\"section\" data-e-type=\"section\">\n\t\t\t\t\t\t<div class=\"elementor-container elementor-column-gap-default\">\n\t\t\t\t\t<div class=\"elementor-column elementor-col-100 elementor-top-column elementor-element elementor-element-3b81650\" data-id=\"3b81650\" data-element_type=\"column\" data-e-type=\"column\">\n\t\t\t<div class=\"elementor-widget-wrap elementor-element-populated\">\n\t\t\t\t\t\t<div class=\"elementor-element elementor-element-4e9e50d elementor-widget elementor-widget-image\" data-id=\"4e9e50d\" data-element_type=\"widget\" data-e-type=\"widget\" data-settings=\"{&quot;_animation&quot;:&quot;none&quot;}\" data-widget_type=\"image.default\">\n\t\t\t\t<div class=\"elementor-widget-container\">\n\t\t\t\t\t\t\t\t\t\t\t\t\t\t\t<img fetchpriority=\"high\" decoding=\"async\" width=\"193\" height=\"300\" src=\"http:\/\/www.gytabogados.com.ar\/new\/wp-content\/uploads\/2023\/08\/Fatima-GYT-e1694527067600-193x300.jpeg\" class=\"attachment-medium size-medium wp-image-1661\" alt=\"\" srcset=\"http:\/\/www.gytabogados.com.ar\/new\/wp-content\/uploads\/2023\/08\/Fatima-GYT-e1694527067600-193x300.jpeg 193w, http:\/\/www.gytabogados.com.ar\/new\/wp-content\/uploads\/2023\/08\/Fatima-GYT-e1694527067600.jpeg 592w\" sizes=\"(max-width: 193px) 100vw, 193px\" \/>\t\t\t\t\t\t\t\t\t\t\t\t\t\t\t<\/div>\n\t\t\t\t<\/div>\n\t\t\t\t\t<\/div>\n\t\t<\/div>\n\t\t\t\t\t<\/div>\n\t\t<\/section>\n\t\t\t\t<section class=\"elementor-section elementor-top-section elementor-element elementor-element-26b0dd6d elementor-section-boxed elementor-section-height-default elementor-section-height-default\" data-id=\"26b0dd6d\" data-element_type=\"section\" data-e-type=\"section\">\n\t\t\t\t\t\t<div class=\"elementor-container elementor-column-gap-default\">\n\t\t\t\t\t<div class=\"elementor-column elementor-col-100 elementor-top-column elementor-element elementor-element-5fb5d9e3\" data-id=\"5fb5d9e3\" data-element_type=\"column\" data-e-type=\"column\">\n\t\t\t<div class=\"elementor-widget-wrap elementor-element-populated\">\n\t\t\t\t\t\t<div class=\"elementor-element elementor-element-1f7a018a elementor-widget elementor-widget-text-editor\" data-id=\"1f7a018a\" data-element_type=\"widget\" data-e-type=\"widget\" data-settings=\"{&quot;_animation&quot;:&quot;none&quot;}\" data-widget_type=\"text-editor.default\">\n\t\t\t\t<div class=\"elementor-widget-container\">\n\t\t\t\t\t\t\t\t\t<ul><li>Estudiante de la carrera de Abogac\u00eda cursando el Tercer A\u00f1o en la Universidad del Salvador.<\/li><li>En el a\u00f1o 2022 se incorpor\u00f3 como procuradora en nuestro estudio, aportando su juventud y conocimiento.<\/li><\/ul>\t\t\t\t\t\t\t\t<\/div>\n\t\t\t\t<\/div>\n\t\t\t\t\t<\/div>\n\t\t<\/div>\n\t\t\t\t\t<\/div>\n\t\t<\/section>\n\t\t\t\t<\/div>\n\t\t","protected":false},"excerpt":{"rendered":"<p>Estudiante de la carrera de Abogac\u00eda cursando el Tercer A\u00f1o en la Universidad del Salvador. En el a\u00f1o 2022 se incorpor\u00f3 como procuradora en nuestro estudio, aportando su juventud y conocimiento.<\/p>\n","protected":false},"author":1,"featured_media":0,"parent":0,"menu_order":0,"comment_status":"closed","ping_status":"closed","template":"","meta":{"footnotes":""},"class_list":["post-1274","page","type-page","status-publish","hentry"],"_links":{"self":[{"href":"http:\/\/www.gytabogados.com.ar\/new\/wp-json\/wp\/v2\/pages\/1274","targetHints":{"allow":["GET"]}}],"collection":[{"href":"http:\/\/www.gytabogados.com.ar\/new\/wp-json\/wp\/v2\/pages"}],"about":[{"href":"http:\/\/www.gytabogados.com.ar\/new\/wp-json\/wp\/v2\/types\/page"}],"author":[{"embeddable":true,"href":"http:\/\/www.gytabogados.com.ar\/new\/wp-json\/wp\/v2\/users\/1"}],"replies":[{"embeddable":true,"href":"http:\/\/www.gytabogados.com.ar\/new\/wp-json\/wp\/v2\/comments?post=1274"}],"version-history":[{"count":16,"href":"http:\/\/www.gytabogados.com.ar\/new\/wp-json\/wp\/v2\/pages\/1274\/revisions"}],"predecessor-version":[{"id":1819,"href":"http:\/\/www.gytabogados.com.ar\/new\/wp-json\/wp\/v2\/pages\/1274\/revisions\/1819"}],"wp:attachment":[{"href":"http:\/\/www.gytabogados.com.ar\/new\/wp-json\/wp\/v2\/media?parent=1274"}],"curies":[{"name":"wp","href":"https:\/\/api.w.org\/{rel}","templated":true}]}}