{"id":1272,"date":"2018-03-19T01:31:43","date_gmt":"2018-03-19T01:31:43","guid":{"rendered":"http:\/\/test.cmsystem.com.ar\/?page_id=1272"},"modified":"2023-09-19T13:14:33","modified_gmt":"2023-09-19T13:14:33","slug":"valeria-marina-galeliano","status":"publish","type":"page","link":"http:\/\/www.gytabogados.com.ar\/new\/valeria-marina-galeliano\/","title":{"rendered":"Valeria Marina Galeliano"},"content":{"rendered":"\t\t<div data-elementor-type=\"wp-page\" data-elementor-id=\"1272\" class=\"elementor elementor-1272\">\n\t\t\t\t\t\t<section class=\"elementor-section elementor-top-section elementor-element elementor-element-6466f71f elementor-section-boxed elementor-section-height-default elementor-section-height-default\" data-id=\"6466f71f\" data-element_type=\"section\" data-e-type=\"section\">\n\t\t\t\t\t\t<div class=\"elementor-container elementor-column-gap-default\">\n\t\t\t\t\t<div class=\"elementor-column elementor-col-100 elementor-top-column elementor-element elementor-element-535a91ca\" data-id=\"535a91ca\" data-element_type=\"column\" data-e-type=\"column\">\n\t\t\t<div class=\"elementor-widget-wrap elementor-element-populated\">\n\t\t\t\t\t\t<div class=\"elementor-element elementor-element-aeb9adb elementor-widget elementor-widget-image\" data-id=\"aeb9adb\" data-element_type=\"widget\" data-e-type=\"widget\" data-settings=\"{&quot;_animation&quot;:&quot;none&quot;}\" data-widget_type=\"image.default\">\n\t\t\t\t<div class=\"elementor-widget-container\">\n\t\t\t\t\t\t\t\t\t\t\t\t\t\t\t<img fetchpriority=\"high\" decoding=\"async\" width=\"300\" height=\"188\" src=\"http:\/\/www.gytabogados.com.ar\/new\/wp-content\/uploads\/2018\/09\/vale-2-e1522371349184-300x188.jpg\" class=\"attachment-medium size-medium wp-image-1626\" alt=\"\" srcset=\"http:\/\/www.gytabogados.com.ar\/new\/wp-content\/uploads\/2018\/09\/vale-2-e1522371349184-300x188.jpg 300w, http:\/\/www.gytabogados.com.ar\/new\/wp-content\/uploads\/2018\/09\/vale-2-e1522371349184.jpg 389w\" sizes=\"(max-width: 300px) 100vw, 300px\" \/>\t\t\t\t\t\t\t\t\t\t\t\t\t\t\t<\/div>\n\t\t\t\t<\/div>\n\t\t\t\t\t<\/div>\n\t\t<\/div>\n\t\t\t\t\t<\/div>\n\t\t<\/section>\n\t\t\t\t<section class=\"elementor-section elementor-top-section elementor-element elementor-element-b4d1e62 elementor-section-boxed elementor-section-height-default elementor-section-height-default\" data-id=\"b4d1e62\" data-element_type=\"section\" data-e-type=\"section\">\n\t\t\t\t\t\t<div class=\"elementor-container elementor-column-gap-default\">\n\t\t\t\t\t<div class=\"elementor-column elementor-col-100 elementor-top-column elementor-element elementor-element-2f8070c\" data-id=\"2f8070c\" data-element_type=\"column\" data-e-type=\"column\">\n\t\t\t<div class=\"elementor-widget-wrap elementor-element-populated\">\n\t\t\t\t\t\t<div class=\"elementor-element elementor-element-816ab3d elementor-widget elementor-widget-text-editor\" data-id=\"816ab3d\" data-element_type=\"widget\" data-e-type=\"widget\" data-settings=\"{&quot;_animation&quot;:&quot;none&quot;}\" data-widget_type=\"text-editor.default\">\n\t\t\t\t<div class=\"elementor-widget-container\">\n\t\t\t\t\t\t\t\t\t<ul>\n<li style=\"text-align: justify;\">Abogada graduada en la Pontificia Universidad Cat\u00f3lica Argentina con Diploma de Honor en el a\u00f1o 1998.<\/li>\n<li style=\"text-align: justify;\">Matriculada para el ejercicio de la profesi\u00f3n en la Ciudad de Buenos Aires as\u00ed como en la Provincia de Buenos Aires.<\/li>\n<li style=\"text-align: justify;\">En sus or\u00edgenes se ha desempe\u00f1ado como parte integrante del Juzgado Nacional de Primera Instancia en lo Comercial N\u00ba 9 y de los Tribunales Orales N\u00ba 10 y N\u00ba 23, todos ellos de la Ciudad de Buenos Aires. Desde el a\u00f1o 1998 se desempe\u00f1\u00f3 como abogada en el Estudio Podest\u00e1 y posteriormente a partir del a\u00f1o 1999 como abogada junior en el Estudio Macleod, Barraza &amp; Asociados, encontr\u00e1ndose en dicho estudio a cargo del area del Departamento de Juicios Hipotecarios y Prendarios.<\/li>\n<li style=\"text-align: justify;\">A partir del a\u00f1o 2007 se incorpor\u00f3 como socia en nuestro estudio.<\/li>\n<li style=\"text-align: justify;\">Durante su carrera se desempe\u00f1\u00f3 como apoderada de distintas Empresas y Entidades financieras, de primer nivel, como Shell, Coto, Ford Credit, Plan Rombo, Renault, ABN Amro Bank, Bank Boston NA y Bando Galicia, entre otros.<\/li>\n<li style=\"text-align: justify;\">Actualmente se desempe\u00f1a como off counsel del Estudio Alchouron, Berisso, Brady Alet y Fernandez Pelayo &amp; Balconi Abogados (ABBFP Abogados) en materia de derecho concursal.<\/li>\n<li style=\"text-align: justify;\">Actualmente se desempe\u00f1a como disertante en diversos Cursos de Especializaci\u00f3n y de Posgrado en materia empresarial que se dictan en el Colegio de Abogados de San Isidro, en la Pontifica Universidad Cat\u00f3lica Argentina (UCA) as\u00ed como en el Curso de Posgrado sobre Derecho Concursal que se lleva a cabo en la Ciudad de Mar del Plata, organizado por la Pontificia Universidad Cat\u00f3lica Argentina.<\/li><li style=\"text-align: justify;\">Asimismo, en la actividad docente es coordinadora del Curso de Posgrado en Derecho Bancario y Financiero que se desarrolla en la Pontificia Universidad Cat\u00f3lica Argentina.<\/li><li style=\"text-align: justify;\">Asidua asistente a Seminarios, Congresos Nacionales y Cursos de Especializaci\u00f3n en Derecho de Da\u00f1os, Derecho Bancario y Financiero, Derecho Civil, Derecho Societario y Derecho Concursal.<\/li><li style=\"text-align: justify;\">Especialista en Asesoramiento de Empresas, Derecho Societario, Derecho Concursal y Derecho Laboral.<\/li><li style=\"text-align: justify;\">Idiomas: Castellano y Ingl\u00e9s.<\/li>\n<\/ul>\t\t\t\t\t\t\t\t<\/div>\n\t\t\t\t<\/div>\n\t\t\t\t\t<\/div>\n\t\t<\/div>\n\t\t\t\t\t<\/div>\n\t\t<\/section>\n\t\t\t\t<\/div>\n\t\t","protected":false},"excerpt":{"rendered":"<p>Abogada graduada en la Pontificia Universidad Cat\u00f3lica Argentina con Diploma de Honor en el a\u00f1o 1998. Matriculada para el ejercicio de la profesi\u00f3n en la Ciudad de Buenos Aires as\u00ed como en la Provincia de Buenos Aires. En sus or\u00edgenes se ha desempe\u00f1ado como parte integrante del Juzgado Nacional de&#8230;<\/p>\n","protected":false},"author":1,"featured_media":0,"parent":0,"menu_order":0,"comment_status":"closed","ping_status":"closed","template":"","meta":{"footnotes":""},"class_list":["post-1272","page","type-page","status-publish","hentry"],"_links":{"self":[{"href":"http:\/\/www.gytabogados.com.ar\/new\/wp-json\/wp\/v2\/pages\/1272","targetHints":{"allow":["GET"]}}],"collection":[{"href":"http:\/\/www.gytabogados.com.ar\/new\/wp-json\/wp\/v2\/pages"}],"about":[{"href":"http:\/\/www.gytabogados.com.ar\/new\/wp-json\/wp\/v2\/types\/page"}],"author":[{"embeddable":true,"href":"http:\/\/www.gytabogados.com.ar\/new\/wp-json\/wp\/v2\/users\/1"}],"replies":[{"embeddable":true,"href":"http:\/\/www.gytabogados.com.ar\/new\/wp-json\/wp\/v2\/comments?post=1272"}],"version-history":[{"count":15,"href":"http:\/\/www.gytabogados.com.ar\/new\/wp-json\/wp\/v2\/pages\/1272\/revisions"}],"predecessor-version":[{"id":1828,"href":"http:\/\/www.gytabogados.com.ar\/new\/wp-json\/wp\/v2\/pages\/1272\/revisions\/1828"}],"wp:attachment":[{"href":"http:\/\/www.gytabogados.com.ar\/new\/wp-json\/wp\/v2\/media?parent=1272"}],"curies":[{"name":"wp","href":"https:\/\/api.w.org\/{rel}","templated":true}]}}